-16)/10)/2 - 2108/o?
4
Let y(u) be the third derivative of u**5/20 + 11*u**4/12 + 95*u**3/6 - 48*u**2 - u. Calculate the remainder when y(-6) is divided by 26.
19
Let h = -159 + 162. What is the remainder when (h + -18 + -2)*-1 is divided by 2/(-4) - 19/(-2)?
8
Let c(v) = 2*v - 1. Let p be c(2). Suppose 7*f - 64 = p*f. Let h(w) = w**3 + 17*w**2 - 21*w + 119. Calculate the remainder when h(-18) is divided by f.
13
What is the remainder when 785 is divided by (-10)/4*9408/(-280)?
29
Suppose -3*s + 2002 = -5*r, 8*s - 3*s + 5*r = 3390. Let h = -594 + s. What is the remainder when h is divided by 72?
8
Let i be 2 + 0 + 1 + -4. Suppose -j = 2*m - 22, 5*j - 76 - 25 = -7*m. Calculate the remainder when i + 1 + (-354)/(-6) is divided by j.
11
Let h(d) = 2*d**2 + 11*d - 46. Let t be h(6). Suppose 3*u - 151 - 19 = -2*w, -w - 5*u = -t. What is the remainder when w is divided by 21?
19
Let m = -1072 + 1122. What is the remainder when 175 is divided by m?
25
Let h = 63 + 69. Suppose -r = -4*a + 5, -3*r - 3 = 2*a - 2. What is the remainder when h is divided by 34 + r + -4 + 5?
30
Calculate the remainder when 1294 is divided by (25 - 1)/(1/(21 + 0)*7).
70
Suppose -2*v + 22 = 3*x, 2*x = 5*v - 2*v - 7. Let a(t) = -132*t + 4. Let b be a(x). Calculate the remainder when 157 is divided by (-20)/130 - b/26.
17
Let s be -16 - -21 - -1*1. Calculate the remainder when 129 is divided by (30/2)/(-2 - (-21)/s).
9
Suppose 8*i + 3818 = 31*i. Let u = -87 + i. Calculate the remainder when u is divided by 23.
10
Let p(h) be the second derivative of h**5/20 - h**4/2 + 7*h**3/3 - h**2/2 + 38*h. What is the remainder when 59 is divided by p(4)?
13
Let r be 1/(135/(-33) + 4). Let a(k) = -k**2 - 17*k + 33. Let t(s) = s**3 - 6*s**2 + 3*s + 9. What is the remainder when a(r) is divided by t(6)?
18
Suppose -16*i + 8*i - 20095 = -50135. Calculate the remainder when i is divided by 40.
35
Suppose -26*q + 669 = -1099. What is the remainder when 526 is divided by q?
50
Let z(o) = -3*o**3 - 126*o + 149*o + 2*o**3 + 81 - 10*o**2. What is the remainder when z(-12) is divided by 50?
43
Calculate the remainder when 291 is divided by ((-6)/12)/(-7*(-17)/(-41174)).
118
Suppose 0 = -d - 4*d - 2*t - 5380, 0 = -4*d - 2*t - 4304. Let v be 4/(-150)*-5 - d/30. Suppose -v = 24*s - 28*s. What is the remainder when 37 is divided by s?
1
Let s(q) = 2*q**2 - 11*q + 5. Let r(u) = -3*u**2 + 12*u - 6. Let k(g) = -3*r(g) - 4*s(g). What is the remainder when k(-15) is divided by 26?
25
Suppose -3*k + 5*y + 45 + 5 = 0, 0 = -3*k - y + 98. Calculate the remainder when 3/((-2)/(164/(-3))) is divided by k.
22
Let m(s) = -10*s - 61. Let t be m(-11). Suppose 3*f = 3*l - 189, -3*l = 2*f + f - 183. Let c = l - t. Calculate the remainder when 63 is divided by c.
11
Let l(d) = -d**3 - 7*d**2 - 16*d + 9. Let i be l(-3). Suppose 0 = -i*a + 939 + 426. What is the remainder when a is divided by 36?
29
Calculate the remainder when (-3*1/(-6))/(-1 + 12768/12736) is divided by 56.
31
Let u = 104 + -105. Let l(w) = -51*w**3 - 6*w**2 - 5*w - 1. What is the remainder when l(u) is divided by 11?
5
Let m = 17 - 89. Calculate the remainder when (-2320)/(-130) + m/39 + 2 is divided by 13.
5
Let w be 3 + -4 + 5 + -60. Let b = -138 - w. Let q = 139 + b. What is the remainder when q is divided by 15?
12
Let v(i) = -i**3 + 23*i**2 + 38*i + 89. Let h be v(24). Suppose 4*k - h = -5*p, -2*k + 205 = -7*p + 2*p. Calculate the remainder when k is divided by 20.
5
Let x = -1554 - -1798. Suppose 11*z - 730 = -191. What is the remainder when x is divided by z?
48
Let c = 892 - 705. Suppose 0 = d - 2*r - 35, d + 185 = 6*d - 5*r. Calculate the remainder when c is divided by d.
31
Let p(z) = 52*z + 55. Let k be p(6). Let f = k - 346. What is the remainder when f is divided by 2?
1
Calculate the remainder when 9058 is divided by (-362 - 2)/(-7)*(330/40 + -8).
10
Let f be 5/(35/434) + (3 - 7). Suppose -f + 30 = -7*r. Suppose -3*w + 41 + 25 = 0. Calculate the remainder when w is divided by r.
2
Suppose -n - 2*n + 29 = -2*w, n = w + 10. Suppose -n = 3*r, -8*t + 12*t - 95 = r. Calculate the remainder when t is divided by 13.
10
Suppose -503*o + 2126 = 617. What is the remainder when o is divided by 3 - (0 - (-1)/1)?
1
Suppose -2*i - 3*k = 230 + 609, -827 = 2*i - k. Let c = 482 + i. Calculate the remainder when c is divided by 12.
7
Let l be (2/9 - (-21268)/36)/1. Suppose -31 + l = 5*d. What is the remainder when d is divided by 10?
2
Let t = -25 + 27. Suppose 0 = b + 2, -4*p - t*b + 3*b = -62. What is the remainder when -2 + (-34 + 3)/(1 - 2) is divided by p?
14
Let j be (-8)/4 + 2 + 0. Suppose j = 2*g + 2*g - 5*d - 1401, 0 = 5*g - d - 1725. Suppose 7*i - g + 99 = 0. Calculate the remainder when i is divided by 19.
16
Let q = 702 + -671. Suppose 0 = 4*g + 5*o - 165, -3*g + 150 = 2*g - 5*o. Let y = 87 + g. What is the remainder when y is divided by q?
29
Let k(u) = u + 5. Let d be k(-5). Suppose d = 5*w + 4*t - 233, 2*w - 4*t = w + 61. What is the remainder when w is divided by ((-7)/14)/((-2)/52)?
10
Let k(u) = 4*u**2 - 2. Let b be ((-16)/(-8) + -3)*-124. Suppose o = -1, 22 + b = 3*v + 4*o. Calculate the remainder when v is divided by k(-2).
8
Suppose -4*l + 528 = -2*n, 249 = -n - l - 0*l. Let z = n + 178. Let m = z + 89. What is the remainder when 59 is divided by m?
7
Suppose -p - 5*z = -29, -10*z + 17 = -2*p - 5*z. What is the remainder when 110 is divided by p?
2
Let n(h) = -53*h - 313. Let w(c) = c**3 - 4*c**2 + c + 4. Calculate the remainder when w(4) is divided by n(-6).
3
Let v = 420 + -417. Suppose -46 = -4*s + 2*n, 2*n - n = -v*s + 32. Calculate the remainder when s is divided by 6.
5
Suppose 0 = n - 8*n + 3*j + 1920, 3*j - 264 = -n. Calculate the remainder when 295 is divided by n.
22
Let i(s) = -6*s - 7. What is the remainder when (154/(-770))/(1 + (-5544)/5540) is divided by i(-7)?
32
Let q = -115 + 192. What is the remainder when q is divided by 18 + 1 + 2*(-4 - -2)?
2
Suppose -3*w = 3*x - 22545, 781*x + 45 = 776*x. What is the remainder when w is divided by 43?
42
Let j(l) = 31*l**3 - 8*l**2 - 55*l + 134. What is the remainder when 1079 is divided by j(2)?
119
Let p = 1153 - 1046. Calculate the remainder when 533 is divided by p.
105
Suppose -91*j + 82*j + 666 = 0. What is the remainder when 294 is divided by j?
72
Suppose -3*u - 1310 + 5969 = 2*s, 0 = -2*u - 3*s + 3096. What is the remainder when u is divided by 22?
17
Suppose 60*w - 9362 = 69725 + 1073. Calculate the remainder when w is divided by 3.
1
Suppose -63*n + 69*n + 42 = 0. What is the remainder when 8 is divided by -1 - (5 + -4 + n)?
3
Suppose 146 = -2*v - 0*v. Let x be ((-1056)/(-240))/((-2)/30). Let r = x - v. What is the remainder when r is divided by 3?
1
Let k(i) = 2*i**2 - 17*i - 9. Let c be k(9). Suppose 1 = w - c*w, 3*x - 15 = 3*w. What is the remainder when 57 is divided by x?
3
Suppose 5*m - m + 5*n - 2313 = 0, 1731 = 3*m + 3*n. Calculate the remainder when 2879 is divided by m.
19
Let d(k) = -13*k + 110. Let q be d(20). Let u = 388 + q. What is the remainder when u is divided by 20?
18
Let o(z) = z**2 - z - 15. Let b = 33 - 29. Let j be ((-6)/b)/((-3)/(-16)). What is the remainder when o(j) is divided by 30?
27
Suppose -3*f = -8*f - 20. What is the remainder when (-3)/(-6)*0 + 42 is divided by (3/(-2))/3*(-26 - f)?
9
Suppose r - 8*a + 3*a - 48 = 0, 3*r - 4*a - 89 = 0. Calculate the remainder when 186 is divided by r.
2
Suppose 4*q + 29 = -p, 0*q = p - 4*q + 13. Suppose 4*g - 5*d + 3*d = 360, 4*g - 4*d = 368. What is the remainder when g is divided by 28/p*(-45)/2?
28
Let h = -3257 - -3550. Calculate the remainder when h is divided by 7.
6
What is the remainder when 89 is divided by (-238)/(-833) + (-193)/7*-3?
6
Suppose -20*j - 16 + 47 = -29. What is the remainder when 7 is divided by j?
1
Suppose 0 = 3*s - 0 - 12. Suppose -s*c = -1 - 3. Let g = c + 12. Calculate the remainder when g is divided by 7.
6
Suppose -p + 641 = a, -6*a + 11*a + p - 3189 = 0. What is the remainder when a is divided by 28?
21
Suppose 0 = -51*l + 32*l + 30*l - 1562. What is the remainder when 431 is divided by l?
5
Suppose -z = -3*k - 63, 3*z + 5*k = 2*z + 15. What is the remainder when z is divided by 29?
16
Let f(r) = -31*r**3 + 2*r**2 + r. Suppose -g + 113 - 104 = 0. Let k(a) = a**2 - 7